at is the greatest common factor of 4 and 61?
1
Calculate the highest common divisor of 68 and 124.
4
What is the greatest common divisor of 135 and 243?
27
What is the highest common divisor of 30 and 2610?
30
What is the greatest common divisor of 545 and 981?
109
Calculate the greatest common factor of 91 and 56.
7
Calculate the greatest common divisor of 47820 and 120.
60
Calculate the highest common divisor of 19 and 5111.
19
What is the greatest common factor of 1865 and 4103?
373
Calculate the greatest common factor of 16296 and 42.
42
Calculate the greatest common factor of 2 and 314.
2
Calculate the highest common divisor of 4 and 404.
4
What is the greatest common factor of 7312 and 32?
16
Calculate the highest common factor of 14 and 175.
7
What is the highest common factor of 576 and 504?
72
Calculate the highest common factor of 29 and 29.
29
Calculate the highest common divisor of 20 and 25.
5
Calculate the greatest common factor of 2414 and 850.
34
Calculate the highest common factor of 144 and 2384.
16
What is the highest common factor of 38 and 437?
19
What is the greatest common divisor of 50 and 1600?
50
Calculate the highest common divisor of 1479 and 51.
51
What is the highest common divisor of 3976 and 56?
56
Calculate the greatest common factor of 4033 and 218.
109
What is the greatest common divisor of 3 and 104?
1
Calculate the highest common factor of 3776 and 59.
59
Calculate the highest common divisor of 330 and 132.
66
What is the greatest common factor of 1936 and 44?
44
Calculate the greatest common factor of 870 and 270.
30
Calculate the highest common factor of 456 and 1032.
24
Calculate the greatest common factor of 304 and 114.
38
Calculate the greatest common factor of 1073 and 116.
29
What is the highest common factor of 173 and 1?
1
Calculate the highest common factor of 272 and 374.
34
Calculate the highest common factor of 315 and 252.
63
Calculate the greatest common divisor of 410 and 1763.
41
What is the highest common factor of 280 and 336?
56
What is the highest common divisor of 39 and 3?
3
What is the highest common factor of 1734 and 12?
6
What is the highest common divisor of 6097 and 91?
91
Calculate the greatest common divisor of 40 and 50.
10
Calculate the highest common factor of 289 and 187.
17
Calculate the highest common divisor of 496 and 16.
16
Calculate the highest common factor of 323 and 95.
19
Calculate the greatest common divisor of 156 and 663.
39
Calculate the highest common divisor of 202 and 1919.
101
Calculate the highest common factor of 14 and 203.
7
Calculate the highest common factor of 160 and 224.
32
What is the greatest common factor of 13 and 403?
13
Calculate the greatest common divisor of 128 and 96.
32
What is the highest common factor of 8480 and 720?
80
Calculate the highest common divisor of 5 and 1535.
5
Calculate the greatest common factor of 175 and 105.
35
Calculate the greatest common factor of 192 and 12384.
96
What is the highest common divisor of 212 and 4?
4
Calculate the greatest common factor of 854 and 42.
14
Calculate the greatest common factor of 92 and 4.
4
What is the greatest common divisor of 489 and 6?
3
Calculate the highest common factor of 4 and 8.
4
Calculate the greatest common factor of 22 and 638.
22
Calculate the greatest common factor of 429 and 33.
33
Calculate the greatest common divisor of 84 and 168.
84
Calculate the highest common factor of 253 and 23.
23
What is the greatest common divisor of 3354 and 1548?
258
What is the highest common factor of 319 and 11?
11
Calculate the highest common factor of 924 and 12.
12
Calculate the highest common divisor of 24 and 1812.
12
Calculate the highest common divisor of 232 and 2378.
58
Calculate the greatest common factor of 19781 and 302.
151
What is the greatest common divisor of 2835 and 35?
35
Calculate the greatest common factor of 4515 and 525.
105
Calculate the greatest common factor of 18125 and 145.
145
What is the highest common divisor of 3776 and 128?
64
Calculate the highest common divisor of 86 and 430.
86
Calculate the greatest common factor of 238 and 13447.
119
Calculate the highest common divisor of 12 and 1920.
12
What is the greatest common divisor of 62 and 62?
62
Calculate the greatest common factor of 98592 and 104.
104
What is the highest common factor of 55 and 66?
11
What is the highest common divisor of 23 and 4991?
23
Calculate the highest common divisor of 17 and 833.
17
What is the greatest common factor of 45 and 10?
5
Calculate the greatest common factor of 53 and 583.
53
What is the greatest common divisor of 1 and 351?
1
What is the highest common factor of 2800 and 40?
40
Calculate the highest common divisor of 5325 and 75.
75
Calculate the greatest common factor of 35 and 63.
7
What is the highest common factor of 82 and 1558?
82
Calculate the greatest common divisor of 18 and 153.
9
Calculate the greatest common divisor of 5000 and 80.
40
Calculate the greatest common factor of 200 and 64.
8
What is the greatest common factor of 41 and 7?
1
What is the greatest common divisor of 235 and 15?
5
Calculate the highest common divisor of 551 and 1044.
29
What is the highest common divisor of 24 and 648?
24
What is the greatest common divisor of 28 and 2996?
28
Calculate the highest common divisor of 768 and 1184.
32
What is the greatest common divisor of 29 and 928?
29
Calculate the highest common divisor of 22500 and 36.
36
What is the greatest common factor of 130 and 160?
10
Calculate the greatest common factor of 384 and 1088.
64
Calculate the highest common divisor of 250 and 10.
10
What is the greatest common factor of 18 and 3258?
18
What is the highest common divisor of 38 and 57?
19
What is the highest common divisor of 29 and 9019?
29
What is the highest common divisor of 84 and 444?
12
What is the greatest common factor of 9585 and 27?
27
Calculate the greatest common divisor of 28 and 37.
1
What is the highest common divisor of 78 and 507?
39
Calculate the greatest common factor of 1035 and 45.
45
Calculate the highest common divisor of 1161 and 729.
27
Calculate the highest common divisor of 621 and 54.
27
Calculate the greatest common divisor of 6016 and 1024.
128
Calculate the greatest common factor of 18 and 738.
18
What is the greatest common divisor of 170 and 68?
34
Calculate the greatest common divisor of 27675 and 90.
45
What is the highest common factor of 146 and 16?
2
What is the highest common factor of 38 and 152?
38
Calculate the greatest common divisor of 27 and 837.
27
Calculate the greatest common divisor of 20165 and 109.
109
What is the greatest common factor of 77 and 11?
11
Calculate the highest common divisor of 14 and 448.
14
What is the highest common divisor of 165 and 44?
11
What is the highest common divisor of 8898 and 18?
6
What is the highest common divisor of 837 and 3069?
279
Calculate the highest common factor of 570 and 1590.
30
What is the greatest common divisor of 3744 and 192?
96
What is the greatest common divisor of 60 and 460?
20
Calculate the greatest common factor of 62 and 651.
31
Calculate the highest common divisor of 259 and 74.
37
Calculate the highest common divisor of 6675 and 25.
25
Calculate the greatest common factor of 105 and 60.
15
What is the highest common factor of 161 and 91?
7
Calculate the greatest common divisor of 1133 and 11.
11
What is the greatest common factor of 5704 and 1472?
184
Calculate the highest common divisor of 24 and 28904.
8
Calculate the highest common divisor of 2188 and 52.
4
Calculate the greatest common factor of 49 and 4.
1
What is the greatest common divisor of 549 and 1708?
61
Calculate the highest common divisor of 168 and 140.
28
What is the greatest common divisor of 6842 and 22?
22
Calculate the highest common divisor of 20 and 1660.
20
Calculate the highest common factor of 7 and 116.
1
Calculate the greatest common divisor of 73 and 584.
73
Calculate the greatest common divisor of 1184 and 80.
16
What is the greatest common divisor of 350 and 3605?
35
Calculate the highest common divisor of 5166 and 357.
21
Calculate the highest common divisor of 30 and 45.
15
Calculate the greatest common divisor of 58 and 3654.
58
Calculate the highest common fact